6 = 0, -2*g - 2*g + 20 = 0. Let u = w + -5. Let z = 12 + u. Let n(v) = -3*v + 3. Determine n(z).
-9
Let n(z) = -12*z + 60. Let b be 1*70/42*(-18)/(-5). What is n(b)?
-12
Let x(p) = 875*p - 393*p - 487*p + 16 - p**2. Calculate x(-7).
2
Let q(y) be the first derivative of -y**3/3 + 4*y**2 + 7*y + 414. Let w(g) = -g. Let n be w(1). Let z = n + 10. Calculate q(z).
-2
Let h be 6/1 - (-19 + 22) - -2. Let s(n) = n**2 + 6*n - 14. Let u(x) = x**2 + 7*x - 16. Let i(q) = h*s(q) - 4*u(q). Calculate i(-3).
-3
Let o(n) = 3*n + 14. Let y be 3 - (-16)/((-288)/(-18)). Give o(y).
26
Suppose 36 = -7*y + 25*y. Let i(h) = 5*h - 104*h**2 + 4 + 0*h + 101*h**y - h**3. What is i(-4)?
0
Let u(m) = -8*m**3 + 7*m**2 + 3*m - 5. Let h(y) = -7*y**3 + 10*y**2 + 4*y - 7. Let f(x) = 2*h(x) - 3*u(x). Give f(-1).
-9
Let q(w) = -w**3 - w**2 - w + 7. Suppose j = -4*i + 97 + 617, 2*j - 2*i = 1398. Let f = j + -702. Give q(f).
7
Suppose z - 58 = -4*g, -g = -4*z + g + 178. Suppose -z = 5*y - 2*b, -5*b = -7*y + 2*y - 40. Let a = y - -13. Let r(o) = -o**3 + 2*o**2 + o + 1. Give r(a).
-5
Let p = -716 - -1151. Let f(r) = -p - 444 + r + 869. Determine f(0).
-10
Let b be 2/(-3)*(-16 + -2). Let q(v) = 11*v + 678*v**3 + b - 679*v**3 - 9*v**2 + v. Give q(-10).
-8
Let q(p) = p - 7. Let f be 2/(-8) - (-3054)/24. Let s = 123 - f. Determine q(s).
-11
Let l be (-30)/45*(-2 + 1)*(-21)/(-2). Let r(h) = 2*h**2 - 4*h + 1. Give r(l).
71
Let a(t) = t + 1. Suppose 4*y = 5*f + 15, 5*f + 3*y - 30 = -80. Give a(f).
-6
Suppose 21*c - 7758 = 1041. Let t = 427 - c. Let l(k) be the third derivative of -k**6/120 + 3*k**5/20 - k**4/3 - k**3/3 - k**2. What is l(t)?
-2
Let n(x) = -2*x. Let w(a) = -2*a + 77157 - 38580 - 38578. Let d = 4 + -2. Let f(g) = d*w(g) - n(g). Determine f(-4).
6
Let f(i) = -2*i + 17. Suppose 110 = t + 4*a + 132, 34 = 5*t - 4*a. What is f(t)?
13
Suppose 3*l + 2*u = -30, 39*l - 44*l + 4*u = 50. Let i be (l/5)/((-1)/2). Let w(n) = 4*n + 1. What is w(i)?
17
Let v(x) = -5*x**2 + 6*x. Let r(h) = -h**3 - 7*h**2 + 12*h + 30. Let w be r(-8). Let k(p) = -17*p**2 + 18*p - 1. Let y(i) = w*k(i) + 7*v(i). Determine y(6).
2
Let h(p) = p**3 + 10*p**2 - 11*p + 1. Let z(a) = 43*a - 19. Let o be z(5). Let y = -207 + o. Determine h(y).
1
Let o(p) = 7*p + 6. Let x(j) = 3*j**3 + 8*j**2 + 5. Let u be x(-3). What is o(u)?
-22
Let u be (-20)/(-15)*27/18. Let z(w) = -5*w - u*w + 27 - 7 + 8*w. What is z(-9)?
11
Let m(h) = h**3 + 5*h**2 - 6*h - 4. Let v(l) = 44*l - 929. Let w be v(21). Give m(w).
26
Let a(h) = h**2 - 6*h + 4. Let q = 827 + -905. Let y be (-27)/(6/(-9) - -1). Let t = q - y. What is a(t)?
-5
Let b(n) be the third derivative of -n**5/60 + n**4/6 - n**3/3 + 94*n**2. Let u be 2/(-9) - 290/(-90). Give b(u).
1
Suppose -533 + 169 = 26*s. Let c(u) = 4*u + 72. Give c(s).
16
Let p = -164 + 222. Suppose 8*g + p = 82. Let i(r) = r**3 - r**2 - 4. Calculate i(g).
14
Let m(k) = -2757*k - 4*k**3 + 5*k**3 - 8 + 12*k**2 + 2767*k. Let f be ((-6)/(-9))/((-2)/33). Determine m(f).
3
Suppose -266 = -146*i - 1142. Let m(y) = -2 - 5 + 2 - y**2 - 2*y. Determine m(i).
-29
Let y(n) be the second derivative of 0 - 2*n**2 - 1/6*n**3 - 21*n. Determine y(-2).
-2
Let q = -784 - -902. Let h(i) = -q*i**3 - 2*i + 3*i + 120*i**3. Determine h(-1).
-3
Let d(t) = t**3 - 2*t**2 - 15*t - 4. Suppose 9 = 31*z + 71. Let f be d(z). Let p(i) = i**2 - 9*i - 5. Calculate p(f).
5
Let f(q) = 60 + 41*q**2 - 11*q**2 + 17*q - 12*q**2 + 0*q - 17*q**2. Determine f(-6).
-6
Let m(o) = -1883 - 1906 + 3740 + 3*o. Give m(17).
2
Let k = -70 + 74. Let i be (416/8)/k + -7. Let o(g) = g**3 - 6*g**2 + 4*g + 5. What is o(i)?
29
Let n(c) be the second derivative of c**4/12 - 7*c**3/2 + 63*c**2/2 + 15*c - 3. Determine n(18).
9
Suppose 2*u + 366 = 5*s, 2*u - 49 = -2*s + 89. Let d = 79 - s. Let a(i) = i + 5*i + 0 - d*i - 2. What is a(4)?
-6
Let h(z) = 17*z - 116. Let r be h(-16). Let q = 376 + r. Let d(k) = -k**2 - 12*k + 5. Determine d(q).
5
Let b(p) = -p**3 + 6*p**2 - p - 2. Let x be (-1 - -4)*(2 + -3 + 2). Let f be 12/(-9) - 1/x*-43. Suppose -7*t - f = -55. Give b(t).
-8
Let x = -18 + -45. Let d = 64 + x. Let f(u) = -10*u**2 - 4*u**2 + 15*u**2 - d. Give f(-3).
8
Let h be 16/(-6)*((-110)/40 + -4). Suppose -15*i = -24*i - h. Let q(u) = 13*u + 5. Determine q(i).
-21
Let t(j) = 849*j + 5. Let u be t(1). Let q = u + -848. Let m(b) = 3*b - 18. Calculate m(q).
0
Let m(g) = 43*g + 181. Let a(i) = 340*i + 1446. Let x(j) = 3*a(j) - 23*m(j). Determine x(-6).
-11
Let l = 25336 + -25337. Let v(m) = 1 - 7*m**2 - 5*m**2 + 3*m**2. Determine v(l).
-8
Let d = -354 + 352. Let k be (-54)/(-6) - (6 + d). Let b(s) = -1 - 2*s + 0*s + s**2 - 2*s. Give b(k).
4
Let l(p) = -p + 23. Let m = -147 + 151. Suppose -y + 9 = -m*g, -5*y - 4*g + 93 = -0*g. What is l(y)?
6
Let g(x) be the third derivative of -7*x**4/8 - x**3/6 + x**2. Let s be ((1/2)/((-15)/20))/(886/1329). Give g(s).
20
Let s(y) = -9*y**2 + 4*y. Let v(z) = -10*z**2 + 13*z - 7. Let x(r) = 3*s(r) - v(r). Calculate x(-2).
-59
Suppose -4*r + 6 = 2*k, 0 = r - 2*r + 4*k + 6. Let o(t) = -4 - 33*t - t**r - 1 + 21*t. What is o(-11)?
6
Let d(l) be the third derivative of 0 + 6*l**2 + 7/6*l**3 + 8*l - 1/24*l**4. What is d(5)?
2
Let k be -1*(-12)/(-8)*4. Let s(g) = 62333*g + 0 + 9 - 3 - 62332*g. Calculate s(k).
0
Let h(z) = -z**3 + 5*z**2 - 2*z - 1. Suppose 0 = p - 2*b + 36 - 38, 5*b - 6 = -3*p. Give h(p).
7
Let h(p) = -18*p + 38 + 25 + 30 - 18 + 23*p. Determine h(-31).
-80
Let l(f) = -f**3 + 2*f**2 + 5*f + 4. Let j be -6 - 0/(-7) - -4. Calculate l(j).
10
Let s = -72 + 77. Suppose j - 5*d = -2*j + 25, 0 = 4*j - s*d - 25. Let z(c) = -c - 4. Give z(j).
-4
Let s(i) = 49*i**2 + 50*i + 18. Let o(v) = -11*v**2 - 14*v - 5. Let k(t) = -9*o(t) - 2*s(t). Determine k(-28).
65
Let b(m) = m - 2. Suppose 0 = -17*c + 2350 + 3175. Let u = -328 + c. Determine b(u).
-5
Let l(u) = -u**3 - 11*u**2 + 23*u - 11. Let x(b) = -4*b**3 - 44*b**2 + 91*b - 43. Let w(z) = -9*l(z) + 2*x(z). Let k be w(-13). Let t(a) = -a**2 - 1. Give t(k).
-1
Let k(r) be the third derivative of -2*r**4/3 - 7*r**3/6 + 16*r**2 - 2*r - 22. Give k(-1).
9
Suppose -5*l = 2*s + 61 - 3, 2*l + 3*s + 32 = 0. Let n = 6 - l. Let y(r) = -2 - 20*r + 1 + n*r + 3. Calculate y(-3).
14
Let g(o) = -43*o**2 - 1. Let p(z) = 152*z + 1369. Let b be p(-9). Calculate g(b).
-44
Suppose -2*z = -5*z - 2*o + 3, -4*z = -4*o + 16. Let j(u) = 14*u - 14*u**2 - 20*u - 74 + 74 + 7*u. What is j(z)?
-15
Let w be 24*(10/30)/(4/6). Suppose 3*r = -0*r + w. Suppose l + r*o - 7 = 0, -9 - 3 = 4*l - 4*o. Let a(u) = 4*u + 1. Determine a(l).
-3
Let j(k) be the first derivative of -k**4/4 - k**3 + k**2 - 5*k - 81. Suppose 2*t - 20 = t. Let f be (t/5)/(-3 + 2). Calculate j(f).
3
Let j(i) be the third derivative of -i**5/60 - i**4/4 + i**3/2 + 118*i**2. Suppose 6*h - 2*h + 10 = -5*q, h + q = -2. Let z be (4 + h)*-2 + 3. Determine j(z).
8
Let v(j) be the first derivative of j**2/2 + 28*j + 683. Give v(-21).
7
Let y(f) = 53*f**2 + 2*f + 3. Let n(k) = 66*k**2 + 3*k + 3. Let z(h) = 4*n(h) - 5*y(h). What is z(3)?
-6
Let z(t) = 6*t + 6. Let k(w) = -35*w - 77. Let j(b) = -b - 2. Let o(m) = 42*j(m) - k(m). Let g(h) = -5*o(h) - 6*z(h). Calculate g(10).
-11
Let d(h) = -22*h + 17. Let q(c) = 6*c - 3. Let w(o) = -2*d(o) - 9*q(o). What is w(2)?
-27
Let o = -13339 - -13351. Let f(j) = 21*j - 243. What is f(o)?
9
Suppose -11*v = -6*v + 26*v - 1054. Let y(p) be the first derivative of 0*p + v - 3/2*p**2. Determine y(-2).
6
Let l(d) = d**2 + 80*d - 85. Let k(m) = -2*m**2 - 147*m + 169. Let n(o) = -5*k(o) - 9*l(o). What is n(5)?
20
Let t(u) = u**3 + 11*u**2 - 2*u - 15. Let d = -81 - -83. Suppose -d*z + w - 21 = 0, 4*z - 7*z - 32 = -w. Determine t(z).
7
Let k(o) = -5*o - 1. Let g(y) = -y**2 - y. Let q(n) = -4*g(n) + k(n). Suppose 47*d = 23*d - 504. Let h be (d + 24)/(3/(-2)). Determine q(h).
17
Let v(k) = -2*k - 63. Suppose 4*f = -111 - 21. Let a be v(f). Let x(y) = -y**3 + 3*y**2 + 5*y - 4. Calculate x(a).
11
Let w(k) = -k**2 + 1 - 2*k + k**3 + 2*k. Let s be w(2). Let b(f) = -f**3 + 3*f**2 + 4617 - 3*f + 4619 - 13845 + 4609 + 3*f**2. Give b(s).
10
Let m(q) = -q**3 - q**2 + q + 10. Let i be 1*(4 - (23*-3)/(-3)). Let n = i - -78. Let u = 59 - n. Give m(u).
10
Let d = 3631 - 3639. Let v(p) = 3*p - 10. Calculate v(d).
-34
Let g(w) be the second derivative of 19*